{"id":1996,"date":"2023-10-02T18:13:27","date_gmt":"2023-10-02T21:13:27","guid":{"rendered":"https:\/\/isdiamante-ers.infd.edu.ar\/sitio\/?page_id=1996"},"modified":"2026-03-16T18:40:17","modified_gmt":"2026-03-16T21:40:17","slug":"profesorado-de-educacion-tecnologica","status":"publish","type":"page","link":"https:\/\/isdiamante-ers.infd.edu.ar\/sitio\/profesorado-de-educacion-tecnologica\/","title":{"rendered":"Profesorado de Educaci\u00f3n Tecnol\u00f3gica"},"content":{"rendered":"<p><img decoding=\"async\" style=\"width: 100%; visibility: hidden;\" src=\"https:\/\/isdiamante-ers.infd.edu.ar\/sitio\/wp-content\/uploads\/2023\/10\/1630182797491.jpg\" alt=\"\" \/><\/p>\n<h1 style=\"margin-bottom: 35px;\">Profesorado de Educaci\u00f3n Tecnol\u00f3gica<\/h1>\n<div style=\"width: 45%; float: left;\"><em><strong>T\u00edtulo<\/strong><\/em>: Profesor de Educaci\u00f3n Tecnol\u00f3gica (Res. 4798\/15)<br \/><em><strong>Duraci\u00f3n de la carrera:<\/strong> <\/em>4 a\u00f1os <br \/><em><strong>Nivel<\/strong><\/em>: Terciario <br \/><em><strong>Modalidad<\/strong><\/em>: Formaci\u00f3n Docente<br \/><em><strong>Condiciones de ingreso:<\/strong><\/em> Escuela Secundaria Completa<\/div>\n<div style=\"width: 45%; float: right;\">\n<h3 style=\"margin-top: 0px;\">Pre Inscripci\u00f3n 2026<\/h3>\n<p>Ya se encuentra la preinscripci\u00f3n a la carrera para alumnos ingresantes a primer a\u00f1o. Para inscribirte haz <a href=\"https:\/\/docs.google.com\/forms\/d\/e\/1FAIpQLSfSXYHbkPf8BX4WTXTiF0dfw0koHV_L0bwQmOt04ituVPtdnw\/viewform?usp=sharing&amp;ouid=116479627659499090593\">click aqui<\/a><\/p>\n<h3>Inscripci\u00f3n a materias 2026<\/h3>\n<p>Ya se encuentra la inscripci\u00f3n a las materias para todos los alumnos. Para inscribirte haz\u00a0<a href=\"https:\/\/gaben.com.ar\/PortalISD\">click aqui<\/a><\/p>\n<h3 style=\"margin-top: 0px;\">Plan de estudios<\/h3>\n<p>Para ver el plan de estudios haz click aqui<\/p><\/div>\n","protected":false},"excerpt":{"rendered":"<p>Profesorado de Educaci\u00f3n Tecnol\u00f3gica T\u00edtulo: Profesor de Educaci\u00f3n Tecnol\u00f3gica (Res. 4798\/15)Duraci\u00f3n de la carrera: 4 a\u00f1os Nivel: Terciario Modalidad: Formaci\u00f3n DocenteCondiciones de ingreso: Escuela Secundaria Completa Pre Inscripci\u00f3n 2026 Ya se encuentra la preinscripci\u00f3n a la carrera para alumnos ingresantes a primer a\u00f1o. Para inscribirte haz click aqui Inscripci\u00f3n a materias 2026 Ya se encuentra &#8230; <a title=\"Profesorado de Educaci\u00f3n Tecnol\u00f3gica\" class=\"read-more\" href=\"https:\/\/isdiamante-ers.infd.edu.ar\/sitio\/profesorado-de-educacion-tecnologica\/\" aria-label=\"More on Profesorado de Educaci\u00f3n Tecnol\u00f3gica\">[+]<\/a><\/p>\n","protected":false},"author":674,"featured_media":0,"parent":0,"menu_order":0,"comment_status":"closed","ping_status":"closed","template":"","meta":[],"acf":[],"_links":{"self":[{"href":"https:\/\/isdiamante-ers.infd.edu.ar\/sitio\/wp-json\/wp\/v2\/pages\/1996"}],"collection":[{"href":"https:\/\/isdiamante-ers.infd.edu.ar\/sitio\/wp-json\/wp\/v2\/pages"}],"about":[{"href":"https:\/\/isdiamante-ers.infd.edu.ar\/sitio\/wp-json\/wp\/v2\/types\/page"}],"author":[{"embeddable":true,"href":"https:\/\/isdiamante-ers.infd.edu.ar\/sitio\/wp-json\/wp\/v2\/users\/674"}],"replies":[{"embeddable":true,"href":"https:\/\/isdiamante-ers.infd.edu.ar\/sitio\/wp-json\/wp\/v2\/comments?post=1996"}],"version-history":[{"count":16,"href":"https:\/\/isdiamante-ers.infd.edu.ar\/sitio\/wp-json\/wp\/v2\/pages\/1996\/revisions"}],"predecessor-version":[{"id":2198,"href":"https:\/\/isdiamante-ers.infd.edu.ar\/sitio\/wp-json\/wp\/v2\/pages\/1996\/revisions\/2198"}],"wp:attachment":[{"href":"https:\/\/isdiamante-ers.infd.edu.ar\/sitio\/wp-json\/wp\/v2\/media?parent=1996"}],"curies":[{"name":"wp","href":"https:\/\/api.w.org\/{rel}","templated":true}]}}